{"id":580,"date":"2022-12-18T10:00:34","date_gmt":"2022-12-18T10:00:34","guid":{"rendered":"https:\/\/caobaovy.com\/chan-nho-dung-cam\/?page_id=580"},"modified":"2023-02-25T16:51:09","modified_gmt":"2023-02-25T09:51:09","slug":"mua-sach","status":"publish","type":"page","link":"https:\/\/caobaovy.com\/chan-nho-dung-cam\/mua-sach\/","title":{"rendered":"Mua s\u00e1ch"},"content":{"rendered":"\t\t<div data-elementor-type=\"wp-page\" data-elementor-id=\"580\" class=\"elementor elementor-580\">\n\t\t\t\t\t\t\t\t\t<section class=\"elementor-section elementor-top-section elementor-element elementor-element-3c7f524 elementor-section-boxed elementor-section-height-default elementor-section-height-default\" data-id=\"3c7f524\" data-element_type=\"section\">\n\t\t\t\t\t\t<div class=\"elementor-container elementor-column-gap-default\">\n\t\t\t\t\t<div class=\"elementor-column elementor-col-100 elementor-top-column elementor-element elementor-element-ed4d120\" data-id=\"ed4d120\" data-element_type=\"column\">\n\t\t\t<div class=\"elementor-widget-wrap elementor-element-populated\">\n\t\t\t\t\t\t\t\t<div class=\"elementor-element elementor-element-e5268f7 elementor-widget elementor-widget-heading\" data-id=\"e5268f7\" data-element_type=\"widget\" data-widget_type=\"heading.default\">\n\t\t\t\t<div class=\"elementor-widget-container\">\n\t\t\t<style>\/*! elementor - v3.9.1 - 14-12-2022 *\/\n.elementor-heading-title{padding:0;margin:0;line-height:1}.elementor-widget-heading .elementor-heading-title[class*=elementor-size-]>a{color:inherit;font-size:inherit;line-height:inherit}.elementor-widget-heading .elementor-heading-title.elementor-size-small{font-size:15px}.elementor-widget-heading .elementor-heading-title.elementor-size-medium{font-size:19px}.elementor-widget-heading .elementor-heading-title.elementor-size-large{font-size:29px}.elementor-widget-heading .elementor-heading-title.elementor-size-xl{font-size:39px}.elementor-widget-heading .elementor-heading-title.elementor-size-xxl{font-size:59px}<\/style><h3 class=\"elementor-heading-title elementor-size-default\">  S\u00e1ch nguy\u00ean b\u1ea3n<\/h3>\t\t<\/div>\n\t\t\t\t<\/div>\n\t\t\t\t\t<\/div>\n\t\t<\/div>\n\t\t\t\t\t\t\t<\/div>\n\t\t<\/section>\n\t\t\t\t<section class=\"elementor-section elementor-top-section elementor-element elementor-element-dcf1eed elementor-section-boxed elementor-section-height-default elementor-section-height-default\" data-id=\"dcf1eed\" data-element_type=\"section\">\n\t\t\t\t\t\t<div class=\"elementor-container elementor-column-gap-default\">\n\t\t\t\t\t<div class=\"elementor-column elementor-col-50 elementor-top-column elementor-element elementor-element-555d9c4\" data-id=\"555d9c4\" data-element_type=\"column\">\n\t\t\t<div class=\"elementor-widget-wrap elementor-element-populated\">\n\t\t\t\t\t\t\t\t<div class=\"elementor-element elementor-element-9e9454f elementor-widget elementor-widget-image\" data-id=\"9e9454f\" data-element_type=\"widget\" data-widget_type=\"image.default\">\n\t\t\t\t<div class=\"elementor-widget-container\">\n\t\t\t<style>\/*! elementor - v3.9.1 - 14-12-2022 *\/\n.elementor-widget-image{text-align:center}.elementor-widget-image a{display:inline-block}.elementor-widget-image a img[src$=\".svg\"]{width:48px}.elementor-widget-image img{vertical-align:middle;display:inline-block}<\/style>\t\t\t\t\t\t\t\t\t\t\t\t<img loading=\"lazy\" decoding=\"async\" width=\"624\" height=\"716\" src=\"https:\/\/caobaovy.com\/chan-nho-dung-cam\/wp-content\/uploads\/2023\/02\/sach-nguyen-ban.jpg\" class=\"attachment-large size-large wp-image-874\" alt=\"\" srcset=\"https:\/\/caobaovy.com\/chan-nho-dung-cam\/wp-content\/uploads\/2023\/02\/sach-nguyen-ban.jpg 624w, https:\/\/caobaovy.com\/chan-nho-dung-cam\/wp-content\/uploads\/2023\/02\/sach-nguyen-ban-261x300.jpg 261w\" sizes=\"auto, (max-width: 624px) 100vw, 624px\" \/>\t\t\t\t\t\t\t\t\t\t\t\t\t\t\t<\/div>\n\t\t\t\t<\/div>\n\t\t\t\t\t<\/div>\n\t\t<\/div>\n\t\t\t\t<div class=\"elementor-column elementor-col-50 elementor-top-column elementor-element elementor-element-d560222\" data-id=\"d560222\" data-element_type=\"column\">\n\t\t\t<div class=\"elementor-widget-wrap elementor-element-populated\">\n\t\t\t\t\t\t\t\t<div class=\"elementor-element elementor-element-c796881 elementor-position-left elementor-vertical-align-top elementor-widget elementor-widget-image-box\" data-id=\"c796881\" data-element_type=\"widget\" data-widget_type=\"image-box.default\">\n\t\t\t\t<div class=\"elementor-widget-container\">\n\t\t\t<style>\/*! elementor - v3.9.1 - 14-12-2022 *\/\n.elementor-widget-image-box .elementor-image-box-content{width:100%}@media (min-width:768px){.elementor-widget-image-box.elementor-position-left .elementor-image-box-wrapper,.elementor-widget-image-box.elementor-position-right .elementor-image-box-wrapper{display:flex}.elementor-widget-image-box.elementor-position-right .elementor-image-box-wrapper{text-align:right;flex-direction:row-reverse}.elementor-widget-image-box.elementor-position-left .elementor-image-box-wrapper{text-align:left;flex-direction:row}.elementor-widget-image-box.elementor-position-top .elementor-image-box-img{margin:auto}.elementor-widget-image-box.elementor-vertical-align-top .elementor-image-box-wrapper{align-items:flex-start}.elementor-widget-image-box.elementor-vertical-align-middle .elementor-image-box-wrapper{align-items:center}.elementor-widget-image-box.elementor-vertical-align-bottom .elementor-image-box-wrapper{align-items:flex-end}}@media (max-width:767px){.elementor-widget-image-box .elementor-image-box-img{margin-left:auto!important;margin-right:auto!important;margin-bottom:15px}}.elementor-widget-image-box .elementor-image-box-img{display:inline-block}.elementor-widget-image-box .elementor-image-box-title a{color:inherit}.elementor-widget-image-box .elementor-image-box-wrapper{text-align:center}.elementor-widget-image-box .elementor-image-box-description{margin:0}<\/style><div class=\"elementor-image-box-wrapper\"><figure class=\"elementor-image-box-img\"><a href=\"https:\/\/nxbhcm.com.vn\/Search\/Search_result?keysearch=ch%C3%A2n+nh%E1%BB%8F+d%C5%A9ng+c%E1%BA%A3m\"><img loading=\"lazy\" decoding=\"async\" width=\"104\" height=\"104\" src=\"https:\/\/caobaovy.com\/chan-nho-dung-cam\/wp-content\/uploads\/2022\/12\/nxb-hcm.png\" class=\"attachment-full size-full wp-image-592\" alt=\"\" \/><\/a><\/figure><div class=\"elementor-image-box-content\"><h3 class=\"elementor-image-box-title\"><a href=\"https:\/\/nxbhcm.com.vn\/Search\/Search_result?keysearch=ch%C3%A2n+nh%E1%BB%8F+d%C5%A9ng+c%E1%BA%A3m\">Nh\u00e0 xu\u1ea5t b\u1ea3n T\u1ed5ng h\u1ee3p Tp. HCM<\/a><\/h3><p class=\"elementor-image-box-description\">www.nxbhcm.com.vn<\/p><\/div><\/div>\t\t<\/div>\n\t\t\t\t<\/div>\n\t\t\t\t<div class=\"elementor-element elementor-element-f95a851 elementor-position-left elementor-vertical-align-top elementor-widget elementor-widget-image-box\" data-id=\"f95a851\" data-element_type=\"widget\" data-widget_type=\"image-box.default\">\n\t\t\t\t<div class=\"elementor-widget-container\">\n\t\t\t<div class=\"elementor-image-box-wrapper\"><figure class=\"elementor-image-box-img\"><a href=\"https:\/\/tiki.vn\/chan-nho-dung-cam-cung-con-di-khap-the-gian-p217170067.html?spid=217170076\"><img loading=\"lazy\" decoding=\"async\" width=\"104\" height=\"104\" src=\"https:\/\/caobaovy.com\/chan-nho-dung-cam\/wp-content\/uploads\/2022\/12\/nxb-tiki.png\" class=\"attachment-full size-full wp-image-591\" alt=\"\" \/><\/a><\/figure><div class=\"elementor-image-box-content\"><h3 class=\"elementor-image-box-title\"><a href=\"https:\/\/tiki.vn\/chan-nho-dung-cam-cung-con-di-khap-the-gian-p217170067.html?spid=217170076\">Tiki<\/a><\/h3><p class=\"elementor-image-box-description\">www.tiki.vn\/<\/p><\/div><\/div>\t\t<\/div>\n\t\t\t\t<\/div>\n\t\t\t\t<div class=\"elementor-element elementor-element-d86305d elementor-position-left elementor-vertical-align-top elementor-widget elementor-widget-image-box\" data-id=\"d86305d\" data-element_type=\"widget\" data-widget_type=\"image-box.default\">\n\t\t\t\t<div class=\"elementor-widget-container\">\n\t\t\t<div class=\"elementor-image-box-wrapper\"><figure class=\"elementor-image-box-img\"><a href=\"https:\/\/bookbuy.vn\/sach\/chan-nho-dung-cam-cung-con-di-khap-the-gian-p121575.html\"><img loading=\"lazy\" decoding=\"async\" width=\"104\" height=\"104\" src=\"https:\/\/caobaovy.com\/chan-nho-dung-cam\/wp-content\/uploads\/2023\/02\/bookbuy.jpg\" class=\"attachment-full size-full wp-image-887\" alt=\"\" \/><\/a><\/figure><div class=\"elementor-image-box-content\"><h3 class=\"elementor-image-box-title\"><a href=\"https:\/\/bookbuy.vn\/sach\/chan-nho-dung-cam-cung-con-di-khap-the-gian-p121575.html\">Bookbuy<\/a><\/h3><p class=\"elementor-image-box-description\">https:\/\/bookbuy.vn\/<\/p><\/div><\/div>\t\t<\/div>\n\t\t\t\t<\/div>\n\t\t\t\t<div class=\"elementor-element elementor-element-e3487be elementor-widget elementor-widget-heading\" data-id=\"e3487be\" data-element_type=\"widget\" data-widget_type=\"heading.default\">\n\t\t\t\t<div class=\"elementor-widget-container\">\n\t\t\t<h6 class=\"elementor-heading-title elementor-size-default\">V\u00e0 c\u00e1c nh\u00e0 s\u00e1ch tr\u00ean to\u00e0n qu\u1ed1c!<\/h6>\t\t<\/div>\n\t\t\t\t<\/div>\n\t\t\t\t\t<\/div>\n\t\t<\/div>\n\t\t\t\t\t\t\t<\/div>\n\t\t<\/section>\n\t\t\t\t<section class=\"elementor-section elementor-top-section elementor-element elementor-element-842f7a5 elementor-section-boxed elementor-section-height-default elementor-section-height-default\" data-id=\"842f7a5\" data-element_type=\"section\" data-settings=\"{&quot;background_background&quot;:&quot;gradient&quot;}\">\n\t\t\t\t\t\t<div class=\"elementor-container elementor-column-gap-default\">\n\t\t\t\t\t<div class=\"elementor-column elementor-col-100 elementor-top-column elementor-element elementor-element-46d612f\" data-id=\"46d612f\" data-element_type=\"column\">\n\t\t\t<div class=\"elementor-widget-wrap elementor-element-populated\">\n\t\t\t\t\t\t\t\t<div class=\"elementor-element elementor-element-5f45f5b elementor-widget elementor-widget-heading\" data-id=\"5f45f5b\" data-element_type=\"widget\" data-widget_type=\"heading.default\">\n\t\t\t\t<div class=\"elementor-widget-container\">\n\t\t\t<h3 class=\"elementor-heading-title elementor-size-default\">S\u00e1ch k\u00fd t\u1eb7ng ho\u1eb7c k\u00e8m qu\u00e0 t\u1eb7ng kh\u00e1c<\/h3>\t\t<\/div>\n\t\t\t\t<\/div>\n\t\t\t\t<div class=\"elementor-element elementor-element-03e5a6c elementor-widget elementor-widget-lae-posts-carousel\" data-id=\"03e5a6c\" data-element_type=\"widget\" data-widget_type=\"lae-posts-carousel.default\">\n\t\t\t\t<div class=\"elementor-widget-container\">\n\t\t\t\n<div        id=\"lae-posts-carousel-69eb83a4e3635\"\n        class=\"lae-posts-carousel lae-container lae-classic-skin\"\n        data-settings='{\"arrows\":true,\"dots\":false,\"autoplay\":false,\"autoplay_speed\":3000,\"animation_speed\":300,\"pause_on_hover\":true,\"adaptive_height\":false,\"display_columns\":3,\"scroll_columns\":3,\"gutter\":10,\"tablet_width\":800,\"tablet_display_columns\":2,\"tablet_scroll_columns\":2,\"tablet_gutter\":10,\"mobile_width\":480,\"mobile_display_columns\":1,\"mobile_scroll_columns\":1,\"mobile_gutter\":10}'>\n<div data-id=\"id-632\" class=\"lae-posts-carousel-item\">\n\n    <article id=\"post-632\" class=\"post-632 location type-location status-publish has-post-thumbnail hentry\">\n\n        \n            \n            \n            \n                <div class=\"lae-project-image\">\n\n                    \n                    \n                    \n                        <a href=\"https:\/\/caobaovy.com\/chan-nho-dung-cam\/location\/sach-kem-chu-ky-tac-gia\/\"><img loading=\"lazy\" decoding=\"async\" width=\"800\" height=\"800\" src=\"https:\/\/caobaovy.com\/chan-nho-dung-cam\/wp-content\/uploads\/2022\/12\/chan-nho-dung-cam-single.jpg\" class=\"lae-image attachment-large size-large\" alt=\"chan-nho-dung-cam-single\" title=\"chan-nho-dung-cam-single\" srcset=\"https:\/\/caobaovy.com\/chan-nho-dung-cam\/wp-content\/uploads\/2022\/12\/chan-nho-dung-cam-single.jpg 960w, https:\/\/caobaovy.com\/chan-nho-dung-cam\/wp-content\/uploads\/2022\/12\/chan-nho-dung-cam-single-300x300.jpg 300w, https:\/\/caobaovy.com\/chan-nho-dung-cam\/wp-content\/uploads\/2022\/12\/chan-nho-dung-cam-single-150x150.jpg 150w, https:\/\/caobaovy.com\/chan-nho-dung-cam\/wp-content\/uploads\/2022\/12\/chan-nho-dung-cam-single-768x768.jpg 768w\" sizes=\"auto, (max-width: 800px) 100vw, 800px\" \/><\/a>\n\n                    \n                    \n                <\/div>\n\n            \n            \n                <div class=\"lae-entry-text-wrap \">\n\n                    \n                    \n                    \n                        <div class=\"entry-summary\">\n\n                            S\u00e1ch k\u00e8m ch\u1eef k\u00fd t\u00e1c gi\u1ea3\n                        <\/div>\n\n                    \n                    \n                <\/div>\n\n            \n        \n    <\/article><!-- .hentry -->\n\n<\/div><!-- .lae-posts-carousel-item -->\n<div data-id=\"id-633\" class=\"lae-posts-carousel-item\">\n\n    <article id=\"post-633\" class=\"post-633 location type-location status-publish has-post-thumbnail hentry\">\n\n        \n            \n            \n            \n                <div class=\"lae-project-image\">\n\n                    \n                    \n                    \n                        <a href=\"https:\/\/caobaovy.com\/chan-nho-dung-cam\/location\/combo-sach-chan-nho-dung-cam-va-yeu\/\"><img loading=\"lazy\" decoding=\"async\" width=\"423\" height=\"423\" src=\"https:\/\/caobaovy.com\/chan-nho-dung-cam\/wp-content\/uploads\/2022\/12\/book-2.jpg\" class=\"lae-image attachment-large size-large\" alt=\"book-2\" title=\"book-2\" srcset=\"https:\/\/caobaovy.com\/chan-nho-dung-cam\/wp-content\/uploads\/2022\/12\/book-2.jpg 423w, https:\/\/caobaovy.com\/chan-nho-dung-cam\/wp-content\/uploads\/2022\/12\/book-2-300x300.jpg 300w, https:\/\/caobaovy.com\/chan-nho-dung-cam\/wp-content\/uploads\/2022\/12\/book-2-150x150.jpg 150w\" sizes=\"auto, (max-width: 423px) 100vw, 423px\" \/><\/a>\n\n                    \n                    \n                <\/div>\n\n            \n            \n                <div class=\"lae-entry-text-wrap \">\n\n                    \n                    \n                    \n                        <div class=\"entry-summary\">\n\n                            Combo s\u00e1ch \u201cCh\u00e2n nh\u1ecf d\u0169ng c\u1ea3m\u201d v\u00e0 \u201cY\u00eau\u201d\n                        <\/div>\n\n                    \n                    \n                <\/div>\n\n            \n        \n    <\/article><!-- .hentry -->\n\n<\/div><!-- .lae-posts-carousel-item -->\n<div data-id=\"id-634\" class=\"lae-posts-carousel-item\">\n\n    <article id=\"post-634\" class=\"post-634 location type-location status-publish has-post-thumbnail hentry\">\n\n        \n            \n            \n            \n                <div class=\"lae-project-image\">\n\n                    \n                    \n                    \n                        <a href=\"https:\/\/caobaovy.com\/chan-nho-dung-cam\/location\/combo-sach-chan-nho-dung-cam-va-saffron\/\"><img loading=\"lazy\" decoding=\"async\" width=\"423\" height=\"423\" src=\"https:\/\/caobaovy.com\/chan-nho-dung-cam\/wp-content\/uploads\/2022\/12\/book-3.jpg\" class=\"lae-image attachment-large size-large\" alt=\"book-3\" title=\"book-3\" srcset=\"https:\/\/caobaovy.com\/chan-nho-dung-cam\/wp-content\/uploads\/2022\/12\/book-3.jpg 423w, https:\/\/caobaovy.com\/chan-nho-dung-cam\/wp-content\/uploads\/2022\/12\/book-3-300x300.jpg 300w, https:\/\/caobaovy.com\/chan-nho-dung-cam\/wp-content\/uploads\/2022\/12\/book-3-150x150.jpg 150w\" sizes=\"auto, (max-width: 423px) 100vw, 423px\" \/><\/a>\n\n                    \n                    \n                <\/div>\n\n            \n            \n                <div class=\"lae-entry-text-wrap \">\n\n                    \n                    \n                    \n                        <div class=\"entry-summary\">\n\n                            Combo s\u00e1ch \"Ch\u00e2n nh\u1ecf d\u0169ng c\u1ea3m\" v\u00e0 saffron\n                        <\/div>\n\n                    \n                    \n                <\/div>\n\n            \n        \n    <\/article><!-- .hentry -->\n\n<\/div><!-- .lae-posts-carousel-item -->\n<div data-id=\"id-931\" class=\"lae-posts-carousel-item\">\n\n    <article id=\"post-931\" class=\"post-931 location type-location status-publish has-post-thumbnail hentry\">\n\n        \n            \n            \n            \n                <div class=\"lae-project-image\">\n\n                    \n                    \n                    \n                        <a href=\"https:\/\/caobaovy.com\/chan-nho-dung-cam\/location\/combo-sach-chan-nho-dung-cam-va-hanh-nhan-vi-latte\/\"><img loading=\"lazy\" decoding=\"async\" width=\"800\" height=\"800\" src=\"https:\/\/caobaovy.com\/chan-nho-dung-cam\/wp-content\/uploads\/2023\/02\/combo-3.jpg\" class=\"lae-image attachment-large size-large\" alt=\"combo-3\" title=\"combo-3\" srcset=\"https:\/\/caobaovy.com\/chan-nho-dung-cam\/wp-content\/uploads\/2023\/02\/combo-3.jpg 960w, https:\/\/caobaovy.com\/chan-nho-dung-cam\/wp-content\/uploads\/2023\/02\/combo-3-300x300.jpg 300w, https:\/\/caobaovy.com\/chan-nho-dung-cam\/wp-content\/uploads\/2023\/02\/combo-3-150x150.jpg 150w, https:\/\/caobaovy.com\/chan-nho-dung-cam\/wp-content\/uploads\/2023\/02\/combo-3-768x768.jpg 768w\" sizes=\"auto, (max-width: 800px) 100vw, 800px\" \/><\/a>\n\n                    \n                    \n                <\/div>\n\n            \n            \n                <div class=\"lae-entry-text-wrap \">\n\n                    \n                    \n                    \n                        <div class=\"entry-summary\">\n\n                            Combo s\u00e1ch \"Ch\u00e2n nh\u1ecf d\u0169ng c\u1ea3m\" v\u00e0 h\u1ea1nh nh\u00e2n v\u1ecb latte\n                        <\/div>\n\n                    \n                    \n                <\/div>\n\n            \n        \n    <\/article><!-- .hentry -->\n\n<\/div><!-- .lae-posts-carousel-item --><\/div><!-- .lae-posts-carousel -->\t\t<\/div>\n\t\t\t\t<\/div>\n\t\t\t\t\t<\/div>\n\t\t<\/div>\n\t\t\t\t\t\t\t<\/div>\n\t\t<\/section>\n\t\t\t\t\t\t\t<\/div>\n\t\t","protected":false},"excerpt":{"rendered":"<p>S\u00e1ch nguy\u00ean b\u1ea3n Nh\u00e0 xu\u1ea5t b\u1ea3n T\u1ed5ng h\u1ee3p Tp. HCM www.nxbhcm.com.vn Tiki www.tiki.vn\/ Bookbuy https:\/\/bookbuy.vn\/ V\u00e0 c\u00e1c nh\u00e0 s\u00e1ch tr\u00ean to\u00e0n qu\u1ed1c! S\u00e1ch k\u00fd t\u1eb7ng ho\u1eb7c k\u00e8m qu\u00e0 t\u1eb7ng kh\u00e1c S\u00e1ch k\u00e8m ch\u1eef k\u00fd t\u00e1c gi\u1ea3 Combo s\u00e1ch \u201cCh\u00e2n nh\u1ecf d\u0169ng c\u1ea3m\u201d v\u00e0 \u201cY\u00eau\u201d S\u00e1ch k\u00e8m saffron v\u00e0 h\u1ed9p qu\u00e0 t\u1eb7ng<\/p>\n","protected":false},"author":1,"featured_media":903,"parent":0,"menu_order":0,"comment_status":"closed","ping_status":"closed","template":"elementor_header_footer","meta":{"footnotes":""},"class_list":["post-580","page","type-page","status-publish","has-post-thumbnail","hentry"],"yoast_head":"<!-- This site is optimized with the Yoast SEO plugin v19.13 - https:\/\/yoast.com\/wordpress\/plugins\/seo\/ -->\n<title>Mua s\u00e1ch - Ch\u00e2n Nh\u1ecf D\u0169ng C\u1ea3m<\/title>\n<meta name=\"robots\" content=\"index, follow, max-snippet:-1, max-image-preview:large, max-video-preview:-1\" \/>\n<link rel=\"canonical\" href=\"https:\/\/caobaovy.com\/chan-nho-dung-cam\/mua-sach\/\" \/>\n<meta property=\"og:locale\" content=\"vi_VN\" \/>\n<meta property=\"og:type\" content=\"article\" \/>\n<meta property=\"og:title\" content=\"Mua s\u00e1ch - Ch\u00e2n Nh\u1ecf D\u0169ng C\u1ea3m\" \/>\n<meta property=\"og:description\" content=\"S\u00e1ch nguy\u00ean b\u1ea3n Nh\u00e0 xu\u1ea5t b\u1ea3n T\u1ed5ng h\u1ee3p Tp. HCM www.nxbhcm.com.vn Tiki www.tiki.vn\/ Bookbuy https:\/\/bookbuy.vn\/ V\u00e0 c\u00e1c nh\u00e0 s\u00e1ch tr\u00ean to\u00e0n qu\u1ed1c! S\u00e1ch k\u00fd t\u1eb7ng ho\u1eb7c k\u00e8m qu\u00e0 t\u1eb7ng kh\u00e1c S\u00e1ch k\u00e8m ch\u1eef k\u00fd t\u00e1c gi\u1ea3 Combo s\u00e1ch \u201cCh\u00e2n nh\u1ecf d\u0169ng c\u1ea3m\u201d v\u00e0 \u201cY\u00eau\u201d S\u00e1ch k\u00e8m saffron v\u00e0 h\u1ed9p qu\u00e0 t\u1eb7ng\" \/>\n<meta property=\"og:url\" content=\"https:\/\/caobaovy.com\/chan-nho-dung-cam\/mua-sach\/\" \/>\n<meta property=\"og:site_name\" content=\"Ch\u00e2n Nh\u1ecf D\u0169ng C\u1ea3m\" \/>\n<meta property=\"article:modified_time\" content=\"2023-02-25T09:51:09+00:00\" \/>\n<meta property=\"og:image\" content=\"https:\/\/caobaovy.com\/chan-nho-dung-cam\/wp-content\/uploads\/2022\/12\/chan-nho-dung-cam-single.jpg\" \/>\n\t<meta property=\"og:image:width\" content=\"960\" \/>\n\t<meta property=\"og:image:height\" content=\"960\" \/>\n\t<meta property=\"og:image:type\" content=\"image\/jpeg\" \/>\n<meta name=\"twitter:card\" content=\"summary_large_image\" \/>\n<meta name=\"twitter:label1\" content=\"\u01af\u1edbc t\u00ednh th\u1eddi gian \u0111\u1ecdc\" \/>\n\t<meta name=\"twitter:data1\" content=\"2 ph\u00fat\" \/>\n<script type=\"application\/ld+json\" class=\"yoast-schema-graph\">{\"@context\":\"https:\/\/schema.org\",\"@graph\":[{\"@type\":\"WebPage\",\"@id\":\"https:\/\/caobaovy.com\/chan-nho-dung-cam\/mua-sach\/\",\"url\":\"https:\/\/caobaovy.com\/chan-nho-dung-cam\/mua-sach\/\",\"name\":\"Mua s\u00e1ch - Ch\u00e2n Nh\u1ecf D\u0169ng C\u1ea3m\",\"isPartOf\":{\"@id\":\"https:\/\/caobaovy.com\/chan-nho-dung-cam\/#website\"},\"datePublished\":\"2022-12-18T10:00:34+00:00\",\"dateModified\":\"2023-02-25T09:51:09+00:00\",\"breadcrumb\":{\"@id\":\"https:\/\/caobaovy.com\/chan-nho-dung-cam\/mua-sach\/#breadcrumb\"},\"inLanguage\":\"vi\",\"potentialAction\":[{\"@type\":\"ReadAction\",\"target\":[\"https:\/\/caobaovy.com\/chan-nho-dung-cam\/mua-sach\/\"]}]},{\"@type\":\"BreadcrumbList\",\"@id\":\"https:\/\/caobaovy.com\/chan-nho-dung-cam\/mua-sach\/#breadcrumb\",\"itemListElement\":[{\"@type\":\"ListItem\",\"position\":1,\"name\":\"Home\",\"item\":\"https:\/\/caobaovy.com\/chan-nho-dung-cam\/\"},{\"@type\":\"ListItem\",\"position\":2,\"name\":\"Mua s\u00e1ch\"}]},{\"@type\":\"WebSite\",\"@id\":\"https:\/\/caobaovy.com\/chan-nho-dung-cam\/#website\",\"url\":\"https:\/\/caobaovy.com\/chan-nho-dung-cam\/\",\"name\":\"Ch\u00e2n Nh\u1ecf D\u0169ng C\u1ea3m\",\"description\":\"\",\"potentialAction\":[{\"@type\":\"SearchAction\",\"target\":{\"@type\":\"EntryPoint\",\"urlTemplate\":\"https:\/\/caobaovy.com\/chan-nho-dung-cam\/?s={search_term_string}\"},\"query-input\":\"required name=search_term_string\"}],\"inLanguage\":\"vi\"}]}<\/script>\n<!-- \/ Yoast SEO plugin. -->","yoast_head_json":{"title":"Mua s\u00e1ch - Ch\u00e2n Nh\u1ecf D\u0169ng C\u1ea3m","robots":{"index":"index","follow":"follow","max-snippet":"max-snippet:-1","max-image-preview":"max-image-preview:large","max-video-preview":"max-video-preview:-1"},"canonical":"https:\/\/caobaovy.com\/chan-nho-dung-cam\/mua-sach\/","og_locale":"vi_VN","og_type":"article","og_title":"Mua s\u00e1ch - Ch\u00e2n Nh\u1ecf D\u0169ng C\u1ea3m","og_description":"S\u00e1ch nguy\u00ean b\u1ea3n Nh\u00e0 xu\u1ea5t b\u1ea3n T\u1ed5ng h\u1ee3p Tp. HCM www.nxbhcm.com.vn Tiki www.tiki.vn\/ Bookbuy https:\/\/bookbuy.vn\/ V\u00e0 c\u00e1c nh\u00e0 s\u00e1ch tr\u00ean to\u00e0n qu\u1ed1c! S\u00e1ch k\u00fd t\u1eb7ng ho\u1eb7c k\u00e8m qu\u00e0 t\u1eb7ng kh\u00e1c S\u00e1ch k\u00e8m ch\u1eef k\u00fd t\u00e1c gi\u1ea3 Combo s\u00e1ch \u201cCh\u00e2n nh\u1ecf d\u0169ng c\u1ea3m\u201d v\u00e0 \u201cY\u00eau\u201d S\u00e1ch k\u00e8m saffron v\u00e0 h\u1ed9p qu\u00e0 t\u1eb7ng","og_url":"https:\/\/caobaovy.com\/chan-nho-dung-cam\/mua-sach\/","og_site_name":"Ch\u00e2n Nh\u1ecf D\u0169ng C\u1ea3m","article_modified_time":"2023-02-25T09:51:09+00:00","og_image":[{"width":960,"height":960,"url":"https:\/\/caobaovy.com\/chan-nho-dung-cam\/wp-content\/uploads\/2022\/12\/chan-nho-dung-cam-single.jpg","type":"image\/jpeg"}],"twitter_card":"summary_large_image","twitter_misc":{"\u01af\u1edbc t\u00ednh th\u1eddi gian \u0111\u1ecdc":"2 ph\u00fat"},"schema":{"@context":"https:\/\/schema.org","@graph":[{"@type":"WebPage","@id":"https:\/\/caobaovy.com\/chan-nho-dung-cam\/mua-sach\/","url":"https:\/\/caobaovy.com\/chan-nho-dung-cam\/mua-sach\/","name":"Mua s\u00e1ch - Ch\u00e2n Nh\u1ecf D\u0169ng C\u1ea3m","isPartOf":{"@id":"https:\/\/caobaovy.com\/chan-nho-dung-cam\/#website"},"datePublished":"2022-12-18T10:00:34+00:00","dateModified":"2023-02-25T09:51:09+00:00","breadcrumb":{"@id":"https:\/\/caobaovy.com\/chan-nho-dung-cam\/mua-sach\/#breadcrumb"},"inLanguage":"vi","potentialAction":[{"@type":"ReadAction","target":["https:\/\/caobaovy.com\/chan-nho-dung-cam\/mua-sach\/"]}]},{"@type":"BreadcrumbList","@id":"https:\/\/caobaovy.com\/chan-nho-dung-cam\/mua-sach\/#breadcrumb","itemListElement":[{"@type":"ListItem","position":1,"name":"Home","item":"https:\/\/caobaovy.com\/chan-nho-dung-cam\/"},{"@type":"ListItem","position":2,"name":"Mua s\u00e1ch"}]},{"@type":"WebSite","@id":"https:\/\/caobaovy.com\/chan-nho-dung-cam\/#website","url":"https:\/\/caobaovy.com\/chan-nho-dung-cam\/","name":"Ch\u00e2n Nh\u1ecf D\u0169ng C\u1ea3m","description":"","potentialAction":[{"@type":"SearchAction","target":{"@type":"EntryPoint","urlTemplate":"https:\/\/caobaovy.com\/chan-nho-dung-cam\/?s={search_term_string}"},"query-input":"required name=search_term_string"}],"inLanguage":"vi"}]}},"_links":{"self":[{"href":"https:\/\/caobaovy.com\/chan-nho-dung-cam\/wp-json\/wp\/v2\/pages\/580","targetHints":{"allow":["GET"]}}],"collection":[{"href":"https:\/\/caobaovy.com\/chan-nho-dung-cam\/wp-json\/wp\/v2\/pages"}],"about":[{"href":"https:\/\/caobaovy.com\/chan-nho-dung-cam\/wp-json\/wp\/v2\/types\/page"}],"author":[{"embeddable":true,"href":"https:\/\/caobaovy.com\/chan-nho-dung-cam\/wp-json\/wp\/v2\/users\/1"}],"replies":[{"embeddable":true,"href":"https:\/\/caobaovy.com\/chan-nho-dung-cam\/wp-json\/wp\/v2\/comments?post=580"}],"version-history":[{"count":132,"href":"https:\/\/caobaovy.com\/chan-nho-dung-cam\/wp-json\/wp\/v2\/pages\/580\/revisions"}],"predecessor-version":[{"id":987,"href":"https:\/\/caobaovy.com\/chan-nho-dung-cam\/wp-json\/wp\/v2\/pages\/580\/revisions\/987"}],"wp:featuredmedia":[{"embeddable":true,"href":"https:\/\/caobaovy.com\/chan-nho-dung-cam\/wp-json\/wp\/v2\/media\/903"}],"wp:attachment":[{"href":"https:\/\/caobaovy.com\/chan-nho-dung-cam\/wp-json\/wp\/v2\/media?parent=580"}],"curies":[{"name":"wp","href":"https:\/\/api.w.org\/{rel}","templated":true}]}}